{"id":694,"date":"2022-10-18T21:30:54","date_gmt":"2022-10-18T19:30:54","guid":{"rendered":"https:\/\/www.tuner.be\/prod\/membership-login\/"},"modified":"2024-03-25T12:19:41","modified_gmt":"2024-03-25T11:19:41","slug":"membership-login","status":"publish","type":"page","link":"https:\/\/www.tuner.be\/prod\/membership-login\/","title":{"rendered":"Membres"},"content":{"rendered":"<p><strong>Devenez membre gratuitement de Tuner.be et profitez d&#8217;avantages exclusifs.<\/strong><br \/>S&#8217;inscrire en tant que membre vous permet d&#8217;\u00e9couter et de t\u00e9l\u00e9charger certains \u00e9l\u00e9ments audio mis \u00e0 votre disposition.<\/p>\n<p><strong>L&#8217;inscription est gratuite.\u00a0<\/strong>Pour devenir membre, envoyer un mail \u00e0 <a href=\"mailto:fabien@tuner.be\">fabien@tuner.be\u00a0<\/a><\/p>\n<div class=\"swpm-login-widget-form\">\n    <form id=\"swpm-login-form\" name=\"swpm-login-form\" method=\"post\" action=\"\">\n        <div class=\"swpm-login-form-inner\">\n            <div class=\"swpm-username-label\">\n                <label for=\"swpm_user_name\" class=\"swpm-label\">Username or Email<\/label>\n            <\/div>\n            <div class=\"swpm-username-input\">\n                <input type=\"text\" class=\"swpm-text-field swpm-username-field\" id=\"swpm_user_name\" value=\"\" size=\"25\" name=\"swpm_user_name\" \/>\n            <\/div>\n            <div class=\"swpm-password-label\">\n                <label for=\"swpm_password\" class=\"swpm-label\">Password<\/label>\n            <\/div>\n            <div class=\"swpm-password-input\">                \n                <input type=\"password\" class=\"swpm-text-field swpm-password-field\" id=\"swpm_password\" value=\"\" size=\"25\" name=\"swpm_password\" \/>                \n            <\/div>\n                        <div class=\"swpm-remember-me\">\n                <span class=\"swpm-remember-checkbox\"><input type=\"checkbox\" name=\"rememberme\" id=\"swpm-rememberme\"><\/span>\n                <label for=\"swpm-rememberme\" class=\"swpm-rememberme-label\">\n                    <span class=\"swpm-rember-label\"> Remember Me<\/span>\n                <\/label>\n            <\/div>\n\n            <div class=\"swpm-before-login-submit-section\"><\/div>\n\n            <div class=\"swpm-login-submit\">\n                <input type=\"submit\" class=\"swpm-login-form-submit\" name=\"swpm-login\" value=\"Log In\"\/>\n            <\/div>\n            <div class=\"swpm-forgot-pass-link\">\n                <a id=\"forgot_pass\" class=\"swpm-login-form-pw-reset-link\"  href=\"https:\/\/www.tuner.be\/prod\/membership-login\/password-reset\/\">Forgot Password?<\/a>\n            <\/div>\n            <div class=\"swpm-join-us-link\">\n                <a id=\"register\" class=\"swpm-login-form-register-link\" href=\"mailto:fabien@tuner.be?subject=Devenir%20membre%20de%20Tuner.be\">Join Us<\/a>\n            <\/div>\n            <div class=\"swpm-login-action-msg\">\n                <span class=\"swpm-login-widget-action-msg\"><\/span>\n            <\/div>\n        <\/div>\n    <\/form>\n<\/div>\n\n\n\n<p><\/p>\n","protected":false},"excerpt":{"rendered":"<p>Devenez membre gratuitement de Tuner.be et profitez d&#8217;avantages exclusifs.S&#8217;inscrire en tant que membre vous permet d&#8217;\u00e9couter et de t\u00e9l\u00e9charger certains \u00e9l\u00e9ments audio mis \u00e0 votre disposition. L&#8217;inscription est gratuite.\u00a0Pour devenir membre, envoyer un mail \u00e0 fabien@tuner.be\u00a0<\/p>\n","protected":false},"author":1,"featured_media":0,"parent":0,"menu_order":0,"comment_status":"closed","ping_status":"closed","template":"","meta":{"footnotes":""},"class_list":["post-694","page","type-page","status-publish","hentry"],"magazineBlocksPostFeaturedMedia":{"thumbnail":false,"medium":false,"medium_large":false,"large":false,"1536x1536":false,"2048x2048":false,"audioigniter_cover":false},"magazineBlocksPostAuthor":{"name":"Fabien","avatar":"https:\/\/www.tuner.be\/prod\/wp-content\/uploads\/2022\/10\/cropped-tunerprod_icon-150x150.jpg"},"magazineBlocksPostCommentsNumber":false,"magazineBlocksPostExcerpt":"Devenez membre gratuitement de Tuner.be et profitez d&#8217;avantages exclusifs.S&#8217;inscrire en tant que membre vous permet d&#8217;\u00e9couter et de t\u00e9l\u00e9charger certains \u00e9l\u00e9ments audio mis \u00e0 votre disposition. L&#8217;inscription est gratuite.\u00a0Pour devenir membre, envoyer un mail \u00e0 fabien@tuner.be\u00a0","magazineBlocksPostCategories":[],"yoast_head":"<!-- This site is optimized with the Yoast SEO plugin v22.3 - https:\/\/yoast.com\/wordpress\/plugins\/seo\/ -->\n<title>Membres | Tuner Production<\/title>\n<meta name=\"robots\" content=\"index, follow, max-snippet:-1, max-image-preview:large, max-video-preview:-1\" \/>\n<link rel=\"canonical\" href=\"https:\/\/www.tuner.be\/prod\/membership-login\/\" \/>\n<meta property=\"og:locale\" content=\"fr_FR\" \/>\n<meta property=\"og:type\" content=\"article\" \/>\n<meta property=\"og:title\" content=\"Membres | Tuner Production\" \/>\n<meta property=\"og:description\" content=\"Devenez membre gratuitement de Tuner.be et profitez d&#8217;avantages exclusifs.S&#8217;inscrire en tant que membre vous permet d&#8217;\u00e9couter et de t\u00e9l\u00e9charger certains \u00e9l\u00e9ments audio mis \u00e0 votre disposition. L&#8217;inscription est gratuite.\u00a0Pour devenir membre, envoyer un mail \u00e0 fabien@tuner.be\u00a0\" \/>\n<meta property=\"og:url\" content=\"https:\/\/www.tuner.be\/prod\/membership-login\/\" \/>\n<meta property=\"og:site_name\" content=\"Tuner Production\" \/>\n<meta property=\"article:publisher\" content=\"https:\/\/www.facebook.com\/tunerbe\" \/>\n<meta property=\"article:modified_time\" content=\"2024-03-25T11:19:41+00:00\" \/>\n<meta name=\"twitter:card\" content=\"summary_large_image\" \/>\n<meta name=\"twitter:site\" content=\"@tunerbe\" \/>\n<meta name=\"twitter:label1\" content=\"Dur\u00e9e de lecture est.\" \/>\n\t<meta name=\"twitter:data1\" content=\"1 minute\" \/>\n<script type=\"application\/ld+json\" class=\"yoast-schema-graph\">{\"@context\":\"https:\/\/schema.org\",\"@graph\":[{\"@type\":\"WebPage\",\"@id\":\"https:\/\/www.tuner.be\/prod\/membership-login\/\",\"url\":\"https:\/\/www.tuner.be\/prod\/membership-login\/\",\"name\":\"Membres | Tuner Production\",\"isPartOf\":{\"@id\":\"https:\/\/www.tuner.be\/prod\/#website\"},\"datePublished\":\"2022-10-18T19:30:54+00:00\",\"dateModified\":\"2024-03-25T11:19:41+00:00\",\"breadcrumb\":{\"@id\":\"https:\/\/www.tuner.be\/prod\/membership-login\/#breadcrumb\"},\"inLanguage\":\"fr-BE\",\"potentialAction\":[{\"@type\":\"ReadAction\",\"target\":[\"https:\/\/www.tuner.be\/prod\/membership-login\/\"]}]},{\"@type\":\"BreadcrumbList\",\"@id\":\"https:\/\/www.tuner.be\/prod\/membership-login\/#breadcrumb\",\"itemListElement\":[{\"@type\":\"ListItem\",\"position\":1,\"name\":\"Accueil\",\"item\":\"https:\/\/www.tuner.be\/prod\/\"},{\"@type\":\"ListItem\",\"position\":2,\"name\":\"Membres\"}]},{\"@type\":\"WebSite\",\"@id\":\"https:\/\/www.tuner.be\/prod\/#website\",\"url\":\"https:\/\/www.tuner.be\/prod\/\",\"name\":\"Tuner Production\",\"description\":\"Votre dose de sons libres de droit\",\"publisher\":{\"@id\":\"https:\/\/www.tuner.be\/prod\/#organization\"},\"potentialAction\":[{\"@type\":\"SearchAction\",\"target\":{\"@type\":\"EntryPoint\",\"urlTemplate\":\"https:\/\/www.tuner.be\/prod\/?s={search_term_string}\"},\"query-input\":\"required name=search_term_string\"}],\"inLanguage\":\"fr-BE\"},{\"@type\":\"Organization\",\"@id\":\"https:\/\/www.tuner.be\/prod\/#organization\",\"name\":\"Tuner Production\",\"url\":\"https:\/\/www.tuner.be\/prod\/\",\"logo\":{\"@type\":\"ImageObject\",\"inLanguage\":\"fr-BE\",\"@id\":\"https:\/\/www.tuner.be\/prod\/#\/schema\/logo\/image\/\",\"url\":\"https:\/\/www.tuner.be\/prod\/wp-content\/uploads\/2022\/10\/tunerlogo22.png\",\"contentUrl\":\"https:\/\/www.tuner.be\/prod\/wp-content\/uploads\/2022\/10\/tunerlogo22.png\",\"width\":501,\"height\":91,\"caption\":\"Tuner Production\"},\"image\":{\"@id\":\"https:\/\/www.tuner.be\/prod\/#\/schema\/logo\/image\/\"},\"sameAs\":[\"https:\/\/www.facebook.com\/tunerbe\",\"https:\/\/twitter.com\/tunerbe\"]}]}<\/script>\n<!-- \/ Yoast SEO plugin. -->","yoast_head_json":{"title":"Membres | Tuner Production","robots":{"index":"index","follow":"follow","max-snippet":"max-snippet:-1","max-image-preview":"max-image-preview:large","max-video-preview":"max-video-preview:-1"},"canonical":"https:\/\/www.tuner.be\/prod\/membership-login\/","og_locale":"fr_FR","og_type":"article","og_title":"Membres | Tuner Production","og_description":"Devenez membre gratuitement de Tuner.be et profitez d&#8217;avantages exclusifs.S&#8217;inscrire en tant que membre vous permet d&#8217;\u00e9couter et de t\u00e9l\u00e9charger certains \u00e9l\u00e9ments audio mis \u00e0 votre disposition. L&#8217;inscription est gratuite.\u00a0Pour devenir membre, envoyer un mail \u00e0 fabien@tuner.be\u00a0","og_url":"https:\/\/www.tuner.be\/prod\/membership-login\/","og_site_name":"Tuner Production","article_publisher":"https:\/\/www.facebook.com\/tunerbe","article_modified_time":"2024-03-25T11:19:41+00:00","twitter_card":"summary_large_image","twitter_site":"@tunerbe","twitter_misc":{"Dur\u00e9e de lecture est.":"1 minute"},"schema":{"@context":"https:\/\/schema.org","@graph":[{"@type":"WebPage","@id":"https:\/\/www.tuner.be\/prod\/membership-login\/","url":"https:\/\/www.tuner.be\/prod\/membership-login\/","name":"Membres | Tuner Production","isPartOf":{"@id":"https:\/\/www.tuner.be\/prod\/#website"},"datePublished":"2022-10-18T19:30:54+00:00","dateModified":"2024-03-25T11:19:41+00:00","breadcrumb":{"@id":"https:\/\/www.tuner.be\/prod\/membership-login\/#breadcrumb"},"inLanguage":"fr-BE","potentialAction":[{"@type":"ReadAction","target":["https:\/\/www.tuner.be\/prod\/membership-login\/"]}]},{"@type":"BreadcrumbList","@id":"https:\/\/www.tuner.be\/prod\/membership-login\/#breadcrumb","itemListElement":[{"@type":"ListItem","position":1,"name":"Accueil","item":"https:\/\/www.tuner.be\/prod\/"},{"@type":"ListItem","position":2,"name":"Membres"}]},{"@type":"WebSite","@id":"https:\/\/www.tuner.be\/prod\/#website","url":"https:\/\/www.tuner.be\/prod\/","name":"Tuner Production","description":"Votre dose de sons libres de droit","publisher":{"@id":"https:\/\/www.tuner.be\/prod\/#organization"},"potentialAction":[{"@type":"SearchAction","target":{"@type":"EntryPoint","urlTemplate":"https:\/\/www.tuner.be\/prod\/?s={search_term_string}"},"query-input":"required name=search_term_string"}],"inLanguage":"fr-BE"},{"@type":"Organization","@id":"https:\/\/www.tuner.be\/prod\/#organization","name":"Tuner Production","url":"https:\/\/www.tuner.be\/prod\/","logo":{"@type":"ImageObject","inLanguage":"fr-BE","@id":"https:\/\/www.tuner.be\/prod\/#\/schema\/logo\/image\/","url":"https:\/\/www.tuner.be\/prod\/wp-content\/uploads\/2022\/10\/tunerlogo22.png","contentUrl":"https:\/\/www.tuner.be\/prod\/wp-content\/uploads\/2022\/10\/tunerlogo22.png","width":501,"height":91,"caption":"Tuner Production"},"image":{"@id":"https:\/\/www.tuner.be\/prod\/#\/schema\/logo\/image\/"},"sameAs":["https:\/\/www.facebook.com\/tunerbe","https:\/\/twitter.com\/tunerbe"]}]}},"_links":{"self":[{"href":"https:\/\/www.tuner.be\/prod\/wp-json\/wp\/v2\/pages\/694","targetHints":{"allow":["GET"]}}],"collection":[{"href":"https:\/\/www.tuner.be\/prod\/wp-json\/wp\/v2\/pages"}],"about":[{"href":"https:\/\/www.tuner.be\/prod\/wp-json\/wp\/v2\/types\/page"}],"author":[{"embeddable":true,"href":"https:\/\/www.tuner.be\/prod\/wp-json\/wp\/v2\/users\/1"}],"replies":[{"embeddable":true,"href":"https:\/\/www.tuner.be\/prod\/wp-json\/wp\/v2\/comments?post=694"}],"version-history":[{"count":2,"href":"https:\/\/www.tuner.be\/prod\/wp-json\/wp\/v2\/pages\/694\/revisions"}],"predecessor-version":[{"id":1082,"href":"https:\/\/www.tuner.be\/prod\/wp-json\/wp\/v2\/pages\/694\/revisions\/1082"}],"wp:attachment":[{"href":"https:\/\/www.tuner.be\/prod\/wp-json\/wp\/v2\/media?parent=694"}],"curies":[{"name":"wp","href":"https:\/\/api.w.org\/{rel}","templated":true}]}}